der when m(-2) is divided by 4.
3
Let i(c) = -2*c**2 - 93*c - 24. Calculate the remainder when 108 is divided by i(-46).
20
Suppose 0 = -2*f + 30. Suppose -f*m + 136 = -74. What is the remainder when 26 is divided by m?
12
Let a(v) = v**3 + 7*v**2 + 13*v - 4. Let o be a(-6). Let p = o - -124. Calculate the remainder when p is divided by 20.
18
Let r(p) = -4*p + 3. Let m be r(-2). Let l(k) = 3*k - 19. Calculate the remainder when l(m) is divided by 9.
5
Let m(t) = -2*t**2 + 18*t - 2. Let d be m(8). Let c = d + -9. Let b(u) = u**3 - u + 19. What is the remainder when b(0) is divided by c?
4
Let j = 208 - 196. Calculate the remainder when 22 is divided by j.
10
Suppose 4*u - 4*x - 18 = -42, 0 = -3*u - 4*x - 4. Let r(v) be the first derivative of 2*v**3/3 + 3*v**2 + 1. Calculate the remainder when 26 is divided by r(u).
2
Calculate the remainder when 147 is divided by (-162)/(-297) - (-318)/22.
12
Let n = 12 + 133. Calculate the remainder when n is divided by 37.
34
Let g(f) = -f + 21. Suppose -6*r + 195 = -r. Calculate the remainder when r is divided by g(11).
9
Suppose 2*b + 3 = 5*f - 45, 4*f + 4*b = 16. Let o(i) = i**2 + 13*i - 16. Let a be o(-13). Let v = 54 + a. Calculate the remainder when v is divided by f.
6
Let g = 254 + -28. Calculate the remainder when g is divided by 23.
19
Let i = -222 - -251. What is the remainder when 112 is divided by i?
25
Suppose 102 = 4*v + 13*v. Let r(z) = -z**2 + 6*z + 11. What is the remainder when 76 is divided by r(v)?
10
What is the remainder when (264/36)/(5/((-390)/(-4))) is divided by 29?
27
Let h be 11/(-22) + (-5)/(-2). Suppose 0 = u + h, 2*x = -3*x - 5*u + 395. What is the remainder when x is divided by 28?
25
Suppose -162 = -21*v + 153. Calculate the remainder when 54 is divided by v.
9
Let z = 83 + -51. Suppose -4*y + z + 44 = 0. Let i = 34 + 20. What is the remainder when i is divided by y?
16
Suppose 0 = c - 5*c + 568. Let r = -90 + c. Calculate the remainder when 154 is divided by r.
50
Let o(j) = -14*j**3 + 2*j**2 - 4*j + 2. Let r(c) = -29*c**3 + 4*c**2 - 8*c + 4. Let v(t) = 7*o(t) - 4*r(t). Calculate the remainder when v(2) is divided by 36.
34
Let k be (1 - 121)/2*8/6. Let u = 111 + k. Calculate the remainder when u is divided by 19.
12
Calculate the remainder when (-24)/4*(-200)/50 is divided by 15.
9
Let p = 29 + -18. Let s(z) = -z**3 - 24*z**2 - 4*z - 59. What is the remainder when s(-24) is divided by p?
4
What is the remainder when 104 is divided by 93*2/6 + 6?
30
Let f = 412 - 293. Let r = f + -72. Calculate the remainder when r is divided by 12.
11
Suppose -174*k + 107*k + 1608 = 0. Let p(g) = -g - 1. Calculate the remainder when k is divided by p(-6).
4
Let o(f) = 2*f**3 - 6*f**2 - 6*f - 3. Let j = 9 + -4. Let l(r) = 50*r - 233. Calculate the remainder when o(j) is divided by l(5).
16
Suppose 5*r = 3*r + 8. Suppose 212 = 5*a + r*w, -3*w = -0*a + 2*a - 89. What is the remainder when a is divided by 15?
10
Let i be (-2*3)/(-3) + -57. Suppose -2*u + 1 + 1 = 4*h, 5*u = h + 38. Let d = u - i. Calculate the remainder when d is divided by 16.
14
Let k(l) = -l**2 + 8*l + 6. Let y be (-4)/6 - (-308)/66. Calculate the remainder when k(y) is divided by 8.
6
Suppose 100 = -2*u - i, 0 = 5*u + 3*i - i + 248. Let d = 61 + u. Calculate the remainder when d is divided by 7.
6
Let w(q) = 87*q**2 - 20*q + 17. What is the remainder when w(2) is divided by 66?
61
Let i(y) = -y + 6. Let s be i(0). Suppose -s*a + 3*j = -3*a - 39, -4*a = -j - 61. What is the remainder when 141 is divided by a?
13
Suppose -6*w + 880 = 10*w. What is the remainder when w is divided by (1/(-3))/((-2)/114)?
17
Suppose 3*v - v - 480 = 0. Suppose 0 = i - 4*i + v. Calculate the remainder when i is divided by 41.
39
Let z = 1787 + -1771. Let t(p) = -2*p**3 + p**2 + p + 1. Calculate the remainder when t(-3) is divided by z.
13
Let n(d) = d**3 + 16*d**2 + 26*d + 14. What is the remainder when 1217 is divided by n(-14)?
41
Suppose 0 = -2*f - 3*y - 7 + 38, -5*f + 5*y + 15 = 0. Suppose f*a - 74 = -2. Calculate the remainder when 34 is divided by a.
7
Calculate the remainder when 343 is divided by 156*81/108*(1 - 0).
109
Suppose 0 = 2*i + 4, -b - 77*i + 81*i + 277 = 0. Calculate the remainder when b is divided by 27.
26
Suppose 3*r - 4*z - 35 = 0, -5 = -r - r - z. Suppose r*k + 2*q - 46 = 0, 0*q - 12 = -k + q. Calculate the remainder when 48 is divided by k.
8
Calculate the remainder when -11*((-4)/1 - 15) is divided by 30.
29
Calculate the remainder when (-9)/(270/(-1925)) - (-2)/(-12) is divided by 17.
13
Let x(l) = -2*l**3 + l**2 - 13*l + 24. What is the remainder when x(-4) is divided by 80?
60
Let u(o) = o**2 + 6*o - 75. What is the remainder when 182 is divided by u(-13)?
6
Suppose -14 + 182 = 4*s - 4*f, 5*s - 216 = 3*f. Suppose 40 = g - s. Calculate the remainder when g is divided by ((-25)/(-2) - -2)*2.
27
Calculate the remainder when ((-14)/(-7) + -1)*107 is divided by 24.
11
Suppose -3*z + 820 = z + 5*l, -3*l = 12. What is the remainder when z is divided by 70?
0
Suppose 4*t - 196 = -6*f + 4*f, -2*f = 2*t - 98. Suppose s - 711 = -5*l, 702 = 163*l - 158*l + 2*s. Calculate the remainder when l is divided by t.
46
Let q be -194*(6/(-4) - 0). Suppose 3*u + 150 + 263 = 4*b, -3*b - 4*u = -q. What is the remainder when b is divided by 17?
16
Let p(h) = -h**3 + 40*h**2 - 36*h - 52. Calculate the remainder when p(39) is divided by (-1)/(-2) - (-43)/2.
21
Suppose 29*y = 27*y + 8. What is the remainder when -5 - 2*(y + -26) is divided by 7?
4
Let w(d) = 26*d - 96. Calculate the remainder when w(5) is divided by 13.
8
Suppose k + 2*m + 20 = 6*k, 5*m - 20 = -5*k. Suppose -5*r + 5*f + 155 = -0*r, k*f = -5*r + 200. Calculate the remainder when r is divided by 14.
8
Let u = 92 - 65. Suppose -4*z - 558 = -7*z. What is the remainder when z is divided by u?
24
Let c(a) = -6*a - 41. Let v = -37 + 29. Calculate the remainder when 27 is divided by c(v).
6
Suppose 4*i = -2*y + 76, -6*y + i = -2*y - 125. Calculate the remainder when 1085 is divided by y.
29
Let d(m) = 49*m - 140. Calculate the remainder when d(7) is divided by 90.
23
Suppose 4*g = -5*r + 101, -4*g = -9*g + 5*r + 115. Let x = 134 + -91. What is the remainder when x is divided by g?
19
Suppose 2*s = 5*n + 20, 0 = s + n + 2*n + 1. Suppose l = -2*b + s*b - 93, 2*l = b - 31. Calculate the remainder when 57 is divided by b.
26
Let a = -45 - -69. Let n be 18/a - (-34)/8. Suppose -2*p + 3 = 3*z + 2*z, n*p + z - 42 = 0. Calculate the remainder when 15 is divided by p.
6
Suppose 0 = -2*h - b + 9 + 2, -5*b + 25 = 0. Suppose 420 = 2*n + f - 3*f, -h*f - 419 = -2*n. Calculate the remainder when n is divided by 43.
39
Let s(t) = -t**3 - 8*t**2 - 8*t + 3. Let x be s(-6). Let o = -18 - x. Let q(g) = 2*g**2 + 2*g + 1. Calculate the remainder when q(-2) is divided by o.
2
Let h(p) = 23*p + 140. What is the remainder when h(-2) is divided by 21?
10
Let m(d) = d**3 - 9*d**2 + 2*d - 6. Suppose -3*n - 23 = -z, 5*z + 62 = -4*n + 253. Calculate the remainder when z is divided by m(9).
11
Let f(t) = t**3 - 4*t**2 + 6*t - 6. Let y be 10/3 - 4/(-6). Let x be f(y). What is the remainder when 30/8*(x - -2) is divided by 19?
18
Let q(j) = j**3 - j + 3. Let d be q(0). Suppose -2*i + 6*i - 22 = 2*o, 0 = -d*o + 15. Calculate the remainder when 43 is divided by i.
3
Suppose -7*g = -2*g + 190. Let f = g - -64. What is the remainder when -1 + 51/((-1)/(-1)) is divided by f?
24
Suppose 3*y = y + 5*z + 24, -5*z = 5*y + 10. Suppose 174 = 5*l - 3*r, 5*l + 3*r = -y*r + 150. Calculate the remainder when l is divided by 9.
6
Let q = -10 + 15. Suppose -3*b = 4*z - 3*z - 189, -295 = -q*b + 5*z. Let r = b + -38. Calculate the remainder when r is divided by 9.
6
Suppose 0 = -4*w - w + 500. Calculate the remainder when 22 is divided by w/175 - (-76)/14.
4
Suppose 225*y = 230*y - v - 64, -5*v = -y - 16. Let b(w) = -2*w**2 + 3*w - 3. Let j be b(-3). Let i = j + 55. Calculate the remainder when i is divided by y.
11
Let p(h) = -7*h - 8. Suppose r = 3*r + 12. What is the remainder when (-345)/(-9) + 2/r is divided by p(-4)?
18
Let n = -764 + 767. What is the remainder when 39 is divided by n?
0
Let h = 19 + 14. Calculate the remainder when h is divided by (-16)/(-36) + 447/27.
16
Suppose q + 5*h - 120 = 0, 7*q - h = 3*q + 585. What i